c**3 + 10*c**2 + 9*c - 6. Is 40 a factor of n(w)?
False
Let c(g) = 8*g - g**2 + 2*g**2 + 6*g**2 - 22. Does 2 divide c(2)?
True
Let q(n) = 30*n + 150. Suppose -u + 0 = i - 13, 49 = 5*i + u. Is 20 a factor of q(i)?
True
Suppose 2*s = -4*h + 8, 3*s - 2 = -8. Suppose -q + 0*q + 3*i = -21, -5*i = -h*q + 59. Is 4 + q - 8/(-2) a multiple of 5?
False
Let n(l) = -73*l - 17. Let k be n(-10). Suppose 0 = 30*v - k - 967. Does 8 divide v?
True
Let b(g) = -12*g - 2. Let w = 33 - 34. Let p be b(w). Let n = p + 9. Is 19 a factor of n?
True
Does 36 divide 80728/23 - (-370)/4255?
False
Suppose 0 = -5*z - 3*z + 472. Let d = -87 + z. Let h = d + 148. Is h a multiple of 6?
True
Suppose 0*f - f - 5*g = -22, 0 = 5*f - 3*g + 30. Let q be -1*1*(-1 - 3/f). Suppose q = -v + 95 + 28. Does 19 divide v?
False
Let b(k) = -k**3 - k**2 + 9*k - 8. Let a be b(-4). Suppose -r + a*r - 33 = 2*c, -3*c - 44 = -4*r. Suppose 80 = r*z - 10*z. Is 20 a factor of z?
True
Let g = 27486 - 15535. Is 138 a factor of g?
False
Let k = -2420 - -2448. Is 3 a factor of k?
False
Let x = 48 + 281. Let a = x + -90. Is a a multiple of 15?
False
Suppose -517*h - 5440 = -518*h. Is 16 a factor of h?
True
Let t = -914 + 657. Let k = 1527 + t. Is 10 a factor of k?
True
Let u(t) = 3*t + 10. Let q be u(6). Suppose 0 = -4*c + 2*g - q, -5*c + 15 = g + 50. Is 16 a factor of (7 - (-42)/c)*(0 - -34)?
False
Suppose 0 = 5*s - 2*v + 18, s + 2*v - 3 = 3. Let i(a) = 34*a**2 - 2*a + 4. Is i(s) a multiple of 36?
True
Suppose 0 = -3*m - v + 300, -5*v - 4 = 11. Suppose 6*o - 11*o = 0. Suppose -4 = -t, 0 = -d - o*d - 3*t + m. Does 17 divide d?
False
Let m(l) = 7*l**3 - 37*l**2 - 11*l + 75. Does 117 divide m(15)?
True
Suppose -20*w + 5*l - 85 = -19*w, 89 = -w + l. Let j = 54 - w. Is 24 a factor of j?
True
Let m(l) = -345*l - 670. Is 4 a factor of m(-4)?
False
Let t = 3228 - 2370. Does 33 divide t?
True
Suppose 3*a - 1452 = -6*p, 0*a - a = 4*p - 484. Is a a multiple of 44?
True
Let c be (33/55 + (-122)/(-30))*6. Let l = c + 45. Let u = -55 + l. Is 3 a factor of u?
True
Let y(h) = -h**3 - 6*h**2 + 2*h - 20. Let a be y(-7). Let t(x) = x**3 - 16*x**2 + 18*x - 8. Is 32 a factor of t(a)?
False
Let x(d) = -d**3 - 4*d**2 - 4*d - 7. Let b be x(-7). Let o = -81 + b. Is 8 a factor of o?
False
Suppose 83*m - 584 = 77*m + 12418. Is m a multiple of 7?
False
Let f(v) = -v**2 - v + 12. Let g be f(-4). Let w = -6 - -6. Suppose g*s - 3*s + 96 = w. Does 8 divide s?
True
Suppose 4*j + 14 = 4*y + 3*j, 6 = 4*y + 3*j. Is y/(4277/2128 + -2) a multiple of 16?
True
Let j = -220 - -480. Suppose 22*m - j = 12*m. Is m a multiple of 7?
False
Let w(o) = 2*o**2 + 15*o + 33. Let q be w(-11). Let r = 174 - q. Let l = 67 + r. Does 41 divide l?
False
Suppose 439 + 155 = -9*j. Let t = -79 - j. Let q(z) = -5*z - 21. Does 17 divide q(t)?
False
Let d = 25319 + -24151. Does 8 divide d?
True
Let a = 39213 + -16038. Does 57 divide a?
False
Let h be (-4)/9 + 160/36. Suppose -263 + 827 = 4*q - 2*g, -h*g + 412 = 3*q. Does 6 divide q?
False
Let o(s) = -4*s**2 - 173*s - 33. Is 22 a factor of o(-33)?
True
Suppose -2*t + 60 = 2*z, 3*t + 5*z + 81 = 5*t. Let h = t - 38. Let w = 7 - h. Is w a multiple of 12?
True
Suppose -3*w - 17 = -5*j, 0 = -2*w + 2. Let m be (5/j)/((-2)/(-8)). Suppose -m*o - 55 = -205. Is 10 a factor of o?
True
Suppose -1 - 7 = 4*u. Let b(p) = -5*p - 24. Let l(k) = -21*k - 96. Let v(w) = u*l(w) + 9*b(w). Is v(-16) a multiple of 24?
True
Let h(y) = 10*y**3 - y**2 - 2*y + 2. Let w(o) = 2*o**2 + 3*o - 19. Let p be w(-4). Is h(p) even?
False
Suppose 0 = -2*o + 5*o + 240. Let u = 100 - o. Does 5 divide u?
True
Let k(h) = -32 + 7*h - 13 + 55 + 27*h**2. Does 8 divide k(-2)?
True
Let q be (-13 - -15) + 59*2. Suppose -3*l + 2*y = -l - 96, 0 = 2*l + 4*y - q. Let z = 65 - l. Is 7 a factor of z?
False
Suppose -6238 = -2*x + 10*s - 13*s, 3*x - 2*s - 9318 = 0. Is x a multiple of 21?
False
Let r(t) = -17 - 20*t**2 + 18 - 4*t**3 + 0*t**2 + 3*t - 17. Let o(q) = 7*q**3 + 39*q**2 - 5*q + 33. Let l(j) = 3*o(j) + 5*r(j). Is l(-17) a multiple of 15?
False
Let f(z) = 36*z + 28. Let u be f(18). Let w = u + -964. Is 14 a factor of (-1 + -1)*w/8?
False
Suppose x - 12099 = -2*q, -700 = -3*x + 5*q + 35619. Is x a multiple of 49?
True
Let a(c) = -c**3 - 15*c**2 - 62*c + 8. Let n be a(-9). Suppose -n*d + 76*d = -1368. Does 5 divide d?
False
Is (7/(-56)*6)/(5/(-1140)) a multiple of 2?
False
Suppose -18 = -2*l + 8. Let a(b) = -b**2 + 14*b - 11. Let t be a(l). Suppose -24 = y - t*y. Is y a multiple of 5?
False
Let v be ((-864)/(-20))/9 - 2/(-10). Suppose -4 = 3*p - v*p. Suppose 11*q - 72 = 6*q + 3*t, 5*t = p*q - 25. Is q a multiple of 5?
True
Let s = -6 + -6. Let p be 9/s*-9 + 1/4. Suppose 404 = -3*d + p*d. Is 17 a factor of d?
False
Let x(m) be the third derivative of 0 + 5/3*m**3 + 4*m**2 + 11/24*m**4 + 0*m. Is 25 a factor of x(9)?
False
Let g(z) = 143*z + 1586. Let k(w) = 36*w + 396. Let p(n) = -3*g(n) + 13*k(n). Does 78 divide p(8)?
True
Let h = 15 - -61. Let z = -22 + h. Does 10 divide z?
False
Let q(c) = -c**2 + 47*c + 39. Let m be q(48). Does 23 divide (-1932)/m*6/4?
True
Suppose 5*x = -5*t + 165465, 0 = 5*t - 0*t - 4*x - 165411. Is 41 a factor of t?
True
Let k = -216 - -221. Suppose 32 = k*s + 2*d - 51, d = 4*s - 56. Does 15 divide s?
True
Let c(n) = -168*n**2 - 49*n - 217. Let v(a) = -a - 8. Let h be v(-10). Let i(f) = -7*f**2 - 2*f - 9. Let d(u) = h*c(u) - 49*i(u). Is d(-3) a multiple of 32?
False
Suppose -14*u = 367*u - 20335113. Does 11 divide u?
False
Let k be (4 - (18 + -6) - (-3 + 1)) + -11. Let v(p) = -3*p**2 - 22*p - 12. Let y(t) = t**2 - t - 1. Let n(d) = v(d) + 2*y(d). Is n(k) a multiple of 28?
False
Let r be 1*3880*2/5. Suppose 5*w + 728 + r = 0. Does 13 divide -2 - (w/10 - 9/(-15))?
False
Suppose 9*z + 6 = 11*z. Let r = 4 + z. Suppose j + r*j - 376 = 0. Is 8 a factor of j?
False
Let v(h) = -h**2 + 55 + 20*h - 84 + 89 - h. Does 4 divide v(16)?
True
Let i be (2/4)/(2/292). Suppose i*g - 109816 = 20*g. Does 14 divide g?
True
Suppose 0 = 3*k + 4*r - 22, 6*k - 7*k + r = 2. Suppose -2*n = k*n. Suppose n = v + 3*v - 200. Is v a multiple of 9?
False
Let x(h) = -84*h**3 - 8*h**2 + 7*h + 8. Let q(g) = g**2 - g - 1. Let c(z) = 6*q(z) + x(z). Is 33 a factor of c(-2)?
False
Let d(f) be the first derivative of -f**3/3 - 13*f**2 - 35*f - 6. Is d(-11) a multiple of 13?
True
Suppose -i = -4*w + 1958, -18*w + 3*i + 484 = -17*w. Suppose 0 = s - w - 77. Is s a multiple of 49?
False
Suppose -5*v = -3*a + 10328, -6860 = -2*a + 336*v - 339*v. Is 3 a factor of a?
False
Let z = 199 + -189. Suppose 24 = z*d - 56. Is 4 a factor of d?
True
Is 109 a factor of (-1504785)/(-301) + 0 + (-5)/(-7)?
False
Is 6 a factor of (-64)/(-24) + (-1323788)/(-69)?
True
Let v = -8981 + 9071. Does 15 divide v?
True
Suppose 19*x = 3*x + 22272. Does 39 divide -14*(x/(-28) + -6)?
True
Suppose -92*c = -14*c + 13002 - 49116. Is c a multiple of 2?
False
Is 110 a factor of (-330)/88*(51344/(-24) + -2)?
True
Suppose -5*b - 13 = 3*p, 6 = 4*p - 2*p - 4*b. Let q(a) = 305*a**2 + a + 4. Is 61 a factor of q(p)?
False
Let i(x) be the second derivative of x**5/20 - x**3/2 + 68*x**2 + x - 25. Suppose 0 = 2*w - 0*w - 4*w. Does 20 divide i(w)?
False
Let l = -380 - -536. Suppose 4*m - 2*w = w + 71, w = -5*m + 65. Is 39 a factor of l/9*63/m?
True
Let n(k) = k**3 - 67*k**2 + 142*k + 251. Does 77 divide n(65)?
False
Let a(p) = 5190*p**3 - p**2 + 14*p - 2. Is a(1) a multiple of 22?
False
Suppose -4*d = 3*p - 43, -39 = 6*d - 8*d - 5*p. Is ((-9)/(-5))/(d*(-6)/(-2590)) a multiple of 7?
False
Let k be -2*1*(-6)/4. Suppose 3*j + 5 = 3*g + 29, g = -j + 4. Is 16 a factor of ((-1368)/k)/g + -2 + 2?
False
Let z(o) be the third derivative of -1/8*o**4 - 19*o**2 + 37/6*o**3 + 0 + 0*o. Is 2 a factor of z(6)?
False
Is 216 a factor of (-29884)/(-14) - 9/(-21)?
False
Suppose 235 = -4*z + 8*z - k, 0 = 4*z + 2*k - 250. Is 16 a factor of (-2086)/(-10) - 9*4/z?
True
Suppose -4*g = 3*r - 720, 6*r - 2*r = -5*g + 959. Let v = -138 + r. Suppose -2*h + v = -76. Does 29 divide h?
True
Let c(g) = g**3 - 9*g**2 - 7*g - 26. Let p be c(10). Suppose r = p*q - 147, -21 = -6*q + 5*q - 5*r. Is 12 a factor of q?
True
Let p(w) = w**2 + 13*w - 66. Let q be p(4). Does 29 divide 1044/(-45)*(-25)/q?
True
Suppose 4*b - 21086 = 5*o, -10*b - 5*o + 5284 = -9*b. Does 18 divide